{"id":17,"date":"2020-12-31T22:02:58","date_gmt":"2020-12-31T22:02:58","guid":{"rendered":"http:\/\/regiojardin.com\/?page_id=17"},"modified":"2021-01-22T18:59:25","modified_gmt":"2021-01-22T18:59:25","slug":"decoracion-de-jardines","status":"publish","type":"page","link":"https:\/\/regiojardin.com\/?page_id=17","title":{"rendered":"Decoraci\u00f3n de jardines"},"content":{"rendered":"\t\t<div data-elementor-type=\"wp-page\" data-elementor-id=\"17\" class=\"elementor elementor-17\">\n\t\t\t\t\t\t<div class=\"elementor-inner\">\n\t\t\t\t<div class=\"elementor-section-wrap\">\n\t\t\t\t\t\t\t\t\t<section class=\"elementor-section elementor-top-section elementor-element elementor-element-1b52bbd elementor-section-boxed elementor-section-height-default elementor-section-height-default\" data-id=\"1b52bbd\" data-element_type=\"section\" data-settings=\"{&quot;background_background&quot;:&quot;classic&quot;}\">\n\t\t\t\t\t\t<div class=\"elementor-container elementor-column-gap-default\">\n\t\t\t\t\t\t\t<div class=\"elementor-row\">\n\t\t\t\t\t<div class=\"elementor-column elementor-col-100 elementor-top-column elementor-element elementor-element-45965e7\" data-id=\"45965e7\" data-element_type=\"column\" data-settings=\"{&quot;background_background&quot;:&quot;classic&quot;}\">\n\t\t\t<div class=\"elementor-column-wrap elementor-element-populated\">\n\t\t\t\t\t\t\t<div class=\"elementor-widget-wrap\">\n\t\t\t\t\t\t<div class=\"elementor-element elementor-element-18eb828 elementor-widget elementor-widget-heading\" data-id=\"18eb828\" data-element_type=\"widget\" data-widget_type=\"heading.default\">\n\t\t\t\t<div class=\"elementor-widget-container\">\n\t\t\t<h2 class=\"elementor-heading-title elementor-size-large\">Dise\u00f1o y decoraci\u00f3n<\/h2>\t\t<\/div>\n\t\t\t\t<\/div>\n\t\t\t\t<div class=\"elementor-element elementor-element-3cf4712 elementor-widget elementor-widget-heading\" data-id=\"3cf4712\" data-element_type=\"widget\" data-widget_type=\"heading.default\">\n\t\t\t\t<div class=\"elementor-widget-container\">\n\t\t\t<h2 class=\"elementor-heading-title elementor-size-default\">de jardines<\/h2>\t\t<\/div>\n\t\t\t\t<\/div>\n\t\t\t\t<div class=\"elementor-element elementor-element-9519cb9 elementor-widget elementor-widget-text-editor\" data-id=\"9519cb9\" data-element_type=\"widget\" data-widget_type=\"text-editor.default\">\n\t\t\t\t<div class=\"elementor-widget-container\">\n\t\t\t\t\t\t\t\t<div class=\"elementor-text-editor elementor-clearfix\">\n\t\t\t\t<div><div><div><div id=\"text-widget-1504983373271\" data-type=\"TextWidget\" data-delay=\"\" data-animation-duration=\"\" data-animation-delay=\"\" data-animation=\"lazyAnimation-\"><div><p>Nos especializamos en el desarrollo de tus proyectos de principio a fin.<\/p><\/div><\/div><\/div><\/div><\/div>\t\t\t\t\t<\/div>\n\t\t\t\t\t\t<\/div>\n\t\t\t\t<\/div>\n\t\t\t\t<div class=\"elementor-element elementor-element-0f9e370 elementor-align-left elementor-tablet-align-center elementor-mobile-align-center elementor-widget elementor-widget-button\" data-id=\"0f9e370\" data-element_type=\"widget\" data-widget_type=\"button.default\">\n\t\t\t\t<div class=\"elementor-widget-container\">\n\t\t\t\t\t<div class=\"elementor-button-wrapper\">\n\t\t\t<a class=\"elementor-button elementor-button-link elementor-size-sm\" href=\"#\">\n\t\t\t\t\t\t<span class=\"elementor-button-content-wrapper\">\n\t\t\t\t\t\t<span class=\"elementor-button-icon elementor-align-icon-right\">\n\t\t\t\t<i aria-hidden=\"true\" class=\"fab fa-whatsapp\"><\/i>\t\t\t<\/span>\n\t\t\t\t\t\t<span class=\"elementor-button-text\">quiero saber m\u00e1s!<\/span>\n\t\t<\/span>\n\t\t\t\t\t<\/a>\n\t\t<\/div>\n\t\t\t\t<\/div>\n\t\t\t\t<\/div>\n\t\t\t\t\t\t<\/div>\n\t\t\t\t\t<\/div>\n\t\t<\/div>\n\t\t\t\t\t\t\t\t<\/div>\n\t\t\t\t\t<\/div>\n\t\t<\/section>\n\t\t\t\t<section class=\"elementor-section elementor-top-section elementor-element elementor-element-7fa150d elementor-section-boxed elementor-section-height-default elementor-section-height-default\" data-id=\"7fa150d\" data-element_type=\"section\" data-settings=\"{&quot;background_background&quot;:&quot;classic&quot;}\">\n\t\t\t\t\t\t<div class=\"elementor-container elementor-column-gap-default\">\n\t\t\t\t\t\t\t<div class=\"elementor-row\">\n\t\t\t\t\t<div class=\"elementor-column elementor-col-100 elementor-top-column elementor-element elementor-element-2444c7c\" data-id=\"2444c7c\" data-element_type=\"column\" data-settings=\"{&quot;background_background&quot;:&quot;classic&quot;}\">\n\t\t\t<div class=\"elementor-column-wrap elementor-element-populated\">\n\t\t\t\t\t\t\t<div class=\"elementor-widget-wrap\">\n\t\t\t\t\t\t<div class=\"elementor-element elementor-element-4ef9123 elementor-widget elementor-widget-heading\" data-id=\"4ef9123\" data-element_type=\"widget\" data-widget_type=\"heading.default\">\n\t\t\t\t<div class=\"elementor-widget-container\">\n\t\t\t<h2 class=\"elementor-heading-title elementor-size-default\">Como empezamos<\/h2>\t\t<\/div>\n\t\t\t\t<\/div>\n\t\t\t\t<div class=\"elementor-element elementor-element-72f941b elementor-widget elementor-widget-heading\" data-id=\"72f941b\" data-element_type=\"widget\" data-widget_type=\"heading.default\">\n\t\t\t\t<div class=\"elementor-widget-container\">\n\t\t\t<h2 class=\"elementor-heading-title elementor-size-large\">Estructura centrada en el cliente<\/h2>\t\t<\/div>\n\t\t\t\t<\/div>\n\t\t\t\t<div class=\"elementor-element elementor-element-7249529 elementor-widget elementor-widget-text-editor\" data-id=\"7249529\" data-element_type=\"widget\" data-widget_type=\"text-editor.default\">\n\t\t\t\t<div class=\"elementor-widget-container\">\n\t\t\t\t\t\t\t\t<div class=\"elementor-text-editor elementor-clearfix\">\n\t\t\t\t<div id=\"text-widget-1504983373271\" data-type=\"TextWidget\" data-delay=\"\" data-animation-duration=\"\" data-animation-delay=\"\" data-animation=\"lazyAnimation-\"><div><div id=\"text-widget-1504983738657\" data-type=\"TextWidget\" data-delay=\"\" data-animation-duration=\"\" data-animation-delay=\"\" data-animation=\"lazyAnimation-\"><div><p style=\"text-align: right;\">Trabajamos con el modelo de estrategia &#8220;Juntos&#8221; para garantizar un servicio \u00e1gil, fluido y totalmente integrado a nuestros clientes. El objetivo principal de esta estrategia es simple: para satisfacer mejor las necesidades de nuestros clientes. El Jardinero Regio cuenta con diversos especialistas de diferentes ramas (Agr\u00f3nomos, Dise\u00f1adores, Arquitectos e Ingenieros) los cuales cuentan con una amplia experiencia la cual unifican en conjunto para crear proyectos admirables.<\/p><\/div><\/div><\/div><div><div id=\"socialmedia-widget-1521218129461\" data-type=\"SocialMediaWidget\" data-delay=\"\" data-animation-duration=\"\" data-animation-delay=\"\" data-animation=\"lazyAnimation-\"><div>\u00a0<\/div><\/div><\/div><\/div>\t\t\t\t\t<\/div>\n\t\t\t\t\t\t<\/div>\n\t\t\t\t<\/div>\n\t\t\t\t<div class=\"elementor-element elementor-element-b7bda2f elementor-shape-rounded elementor-grid-0 e-grid-align-center elementor-widget elementor-widget-social-icons\" data-id=\"b7bda2f\" data-element_type=\"widget\" data-widget_type=\"social-icons.default\">\n\t\t\t\t<div class=\"elementor-widget-container\">\n\t\t\t\t\t<div class=\"elementor-social-icons-wrapper elementor-grid\">\n\t\t\t\t\t\t\t<span class=\"elementor-grid-item\">\n\t\t\t\t\t<a class=\"elementor-icon elementor-social-icon elementor-social-icon-facebook elementor-repeater-item-d1c71d6\" href=\"http:\/\/www.facebook.com\/eljardineroregio\" target=\"_blank\">\n\t\t\t\t\t\t<span class=\"elementor-screen-only\">Facebook<\/span>\n\t\t\t\t\t\t<i class=\"fab fa-facebook\"><\/i>\t\t\t\t\t<\/a>\n\t\t\t\t<\/span>\n\t\t\t\t\t\t\t<span class=\"elementor-grid-item\">\n\t\t\t\t\t<a class=\"elementor-icon elementor-social-icon elementor-social-icon-youtube elementor-repeater-item-e930ff6\" href=\"https:\/\/www.youtube.com\/channel\/UCN3HYSclep0t3XTFYF28hGg\" target=\"_blank\">\n\t\t\t\t\t\t<span class=\"elementor-screen-only\">Youtube<\/span>\n\t\t\t\t\t\t<i class=\"fab fa-youtube\"><\/i>\t\t\t\t\t<\/a>\n\t\t\t\t<\/span>\n\t\t\t\t\t\t\t<span class=\"elementor-grid-item\">\n\t\t\t\t\t<a class=\"elementor-icon elementor-social-icon elementor-social-icon-instagram elementor-repeater-item-927b5a7\" href=\"http:\/\/www.instagram.com\/eljardineroregio\" target=\"_blank\">\n\t\t\t\t\t\t<span class=\"elementor-screen-only\">Instagram<\/span>\n\t\t\t\t\t\t<i class=\"fab fa-instagram\"><\/i>\t\t\t\t\t<\/a>\n\t\t\t\t<\/span>\n\t\t\t\t\t<\/div>\n\t\t\t\t<\/div>\n\t\t\t\t<\/div>\n\t\t\t\t\t\t<\/div>\n\t\t\t\t\t<\/div>\n\t\t<\/div>\n\t\t\t\t\t\t\t\t<\/div>\n\t\t\t\t\t<\/div>\n\t\t<\/section>\n\t\t\t\t<section class=\"elementor-section elementor-top-section elementor-element elementor-element-2090f28 elementor-section-boxed elementor-section-height-default elementor-section-height-default\" data-id=\"2090f28\" data-element_type=\"section\">\n\t\t\t\t\t\t<div class=\"elementor-container elementor-column-gap-default\">\n\t\t\t\t\t\t\t<div class=\"elementor-row\">\n\t\t\t\t\t<div class=\"elementor-column elementor-col-100 elementor-top-column elementor-element elementor-element-3892ef5\" data-id=\"3892ef5\" data-element_type=\"column\">\n\t\t\t<div class=\"elementor-column-wrap elementor-element-populated\">\n\t\t\t\t\t\t\t<div class=\"elementor-widget-wrap\">\n\t\t\t\t\t\t<div class=\"elementor-element elementor-element-68aed4e elementor-widget elementor-widget-video\" data-id=\"68aed4e\" data-element_type=\"widget\" data-settings=\"{&quot;youtube_url&quot;:&quot;https:\\\/\\\/youtu.be\\\/DYa0D8SNIJU&quot;,&quot;video_type&quot;:&quot;youtube&quot;,&quot;controls&quot;:&quot;yes&quot;}\" data-widget_type=\"video.default\">\n\t\t\t\t<div class=\"elementor-widget-container\">\n\t\t\t\t\t<div class=\"elementor-wrapper elementor-open-inline\">\n\t\t\t<div class=\"elementor-video\"><\/div>\t\t<\/div>\n\t\t\t\t<\/div>\n\t\t\t\t<\/div>\n\t\t\t\t\t\t<\/div>\n\t\t\t\t\t<\/div>\n\t\t<\/div>\n\t\t\t\t\t\t\t\t<\/div>\n\t\t\t\t\t<\/div>\n\t\t<\/section>\n\t\t\t\t\t\t\t\t\t<\/div>\n\t\t\t<\/div>\n\t\t\t\t\t<\/div>\n\t\t","protected":false},"excerpt":{"rendered":"<p>Dise\u00f1o y decoraci\u00f3n de jardines Nos especializamos en el desarrollo de tus proyectos de principio a fin. quiero saber m\u00e1s! Como empezamos Estructura centrada en el cliente Trabajamos con el modelo de estrategia &#8220;Juntos&#8221; para garantizar un servicio \u00e1gil, fluido y totalmente integrado a nuestros clientes. El objetivo principal de esta estrategia es simple: para satisfacer mejor las necesidades de nuestros clientes. El Jardinero Regio cuenta con diversos especialistas de diferentes ramas (Agr\u00f3nomos, Dise\u00f1adores, Arquitectos e Ingenieros) los cuales cuentan con una amplia experiencia la cual unifican en conjunto para crear proyectos admirables. \u00a0 Facebook Youtube Instagram<\/p>\n","protected":false},"author":1,"featured_media":0,"parent":0,"menu_order":0,"comment_status":"closed","ping_status":"closed","template":"","meta":[],"yoast_head":"<!-- This site is optimized with the Yoast SEO plugin v20.9 - https:\/\/yoast.com\/wordpress\/plugins\/seo\/ -->\n<title>Decoraci\u00f3n de jardines - Regio Jard\u00edn<\/title>\n<meta name=\"robots\" content=\"index, follow, max-snippet:-1, max-image-preview:large, max-video-preview:-1\" \/>\n<link rel=\"canonical\" href=\"https:\/\/regiojardin.com\/?page_id=17\" \/>\n<meta property=\"og:locale\" content=\"en_US\" \/>\n<meta property=\"og:type\" content=\"article\" \/>\n<meta property=\"og:title\" content=\"Decoraci\u00f3n de jardines - Regio Jard\u00edn\" \/>\n<meta property=\"og:description\" content=\"Dise\u00f1o y decoraci\u00f3n de jardines Nos especializamos en el desarrollo de tus proyectos de principio a fin. quiero saber m\u00e1s! Como empezamos Estructura centrada en el cliente Trabajamos con el modelo de estrategia &#8220;Juntos&#8221; para garantizar un servicio \u00e1gil, fluido y totalmente integrado a nuestros clientes. El objetivo principal de esta estrategia es simple: para satisfacer mejor las necesidades de nuestros clientes. El Jardinero Regio cuenta con diversos especialistas de diferentes ramas (Agr\u00f3nomos, Dise\u00f1adores, Arquitectos e Ingenieros) los cuales cuentan con una amplia experiencia la cual unifican en conjunto para crear proyectos admirables. \u00a0 Facebook Youtube Instagram\" \/>\n<meta property=\"og:url\" content=\"https:\/\/regiojardin.com\/?page_id=17\" \/>\n<meta property=\"og:site_name\" content=\"Regio Jard\u00edn\" \/>\n<meta property=\"article:modified_time\" content=\"2021-01-22T18:59:25+00:00\" \/>\n<meta name=\"twitter:card\" content=\"summary_large_image\" \/>\n<meta name=\"twitter:label1\" content=\"Est. reading time\" \/>\n\t<meta name=\"twitter:data1\" content=\"1 minute\" \/>\n<script type=\"application\/ld+json\" class=\"yoast-schema-graph\">{\"@context\":\"https:\/\/schema.org\",\"@graph\":[{\"@type\":\"WebPage\",\"@id\":\"https:\/\/regiojardin.com\/?page_id=17\",\"url\":\"https:\/\/regiojardin.com\/?page_id=17\",\"name\":\"Decoraci\u00f3n de jardines - Regio Jard\u00edn\",\"isPartOf\":{\"@id\":\"https:\/\/regiojardin.com\/#website\"},\"datePublished\":\"2020-12-31T22:02:58+00:00\",\"dateModified\":\"2021-01-22T18:59:25+00:00\",\"breadcrumb\":{\"@id\":\"https:\/\/regiojardin.com\/?page_id=17#breadcrumb\"},\"inLanguage\":\"en-US\",\"potentialAction\":[{\"@type\":\"ReadAction\",\"target\":[\"https:\/\/regiojardin.com\/?page_id=17\"]}]},{\"@type\":\"BreadcrumbList\",\"@id\":\"https:\/\/regiojardin.com\/?page_id=17#breadcrumb\",\"itemListElement\":[{\"@type\":\"ListItem\",\"position\":1,\"name\":\"Portada\",\"item\":\"https:\/\/regiojardin.com\/\"},{\"@type\":\"ListItem\",\"position\":2,\"name\":\"Decoraci\u00f3n de jardines\"}]},{\"@type\":\"WebSite\",\"@id\":\"https:\/\/regiojardin.com\/#website\",\"url\":\"https:\/\/regiojardin.com\/\",\"name\":\"Regio Jard\u00edn\",\"description\":\"La Jardiner\u00eda Es Nuestra Pasi\u00f3n\",\"potentialAction\":[{\"@type\":\"SearchAction\",\"target\":{\"@type\":\"EntryPoint\",\"urlTemplate\":\"https:\/\/regiojardin.com\/?s={search_term_string}\"},\"query-input\":\"required name=search_term_string\"}],\"inLanguage\":\"en-US\"}]}<\/script>\n<!-- \/ Yoast SEO plugin. -->","yoast_head_json":{"title":"Decoraci\u00f3n de jardines - Regio Jard\u00edn","robots":{"index":"index","follow":"follow","max-snippet":"max-snippet:-1","max-image-preview":"max-image-preview:large","max-video-preview":"max-video-preview:-1"},"canonical":"https:\/\/regiojardin.com\/?page_id=17","og_locale":"en_US","og_type":"article","og_title":"Decoraci\u00f3n de jardines - Regio Jard\u00edn","og_description":"Dise\u00f1o y decoraci\u00f3n de jardines Nos especializamos en el desarrollo de tus proyectos de principio a fin. quiero saber m\u00e1s! Como empezamos Estructura centrada en el cliente Trabajamos con el modelo de estrategia &#8220;Juntos&#8221; para garantizar un servicio \u00e1gil, fluido y totalmente integrado a nuestros clientes. El objetivo principal de esta estrategia es simple: para satisfacer mejor las necesidades de nuestros clientes. El Jardinero Regio cuenta con diversos especialistas de diferentes ramas (Agr\u00f3nomos, Dise\u00f1adores, Arquitectos e Ingenieros) los cuales cuentan con una amplia experiencia la cual unifican en conjunto para crear proyectos admirables. \u00a0 Facebook Youtube Instagram","og_url":"https:\/\/regiojardin.com\/?page_id=17","og_site_name":"Regio Jard\u00edn","article_modified_time":"2021-01-22T18:59:25+00:00","twitter_card":"summary_large_image","twitter_misc":{"Est. reading time":"1 minute"},"schema":{"@context":"https:\/\/schema.org","@graph":[{"@type":"WebPage","@id":"https:\/\/regiojardin.com\/?page_id=17","url":"https:\/\/regiojardin.com\/?page_id=17","name":"Decoraci\u00f3n de jardines - Regio Jard\u00edn","isPartOf":{"@id":"https:\/\/regiojardin.com\/#website"},"datePublished":"2020-12-31T22:02:58+00:00","dateModified":"2021-01-22T18:59:25+00:00","breadcrumb":{"@id":"https:\/\/regiojardin.com\/?page_id=17#breadcrumb"},"inLanguage":"en-US","potentialAction":[{"@type":"ReadAction","target":["https:\/\/regiojardin.com\/?page_id=17"]}]},{"@type":"BreadcrumbList","@id":"https:\/\/regiojardin.com\/?page_id=17#breadcrumb","itemListElement":[{"@type":"ListItem","position":1,"name":"Portada","item":"https:\/\/regiojardin.com\/"},{"@type":"ListItem","position":2,"name":"Decoraci\u00f3n de jardines"}]},{"@type":"WebSite","@id":"https:\/\/regiojardin.com\/#website","url":"https:\/\/regiojardin.com\/","name":"Regio Jard\u00edn","description":"La Jardiner\u00eda Es Nuestra Pasi\u00f3n","potentialAction":[{"@type":"SearchAction","target":{"@type":"EntryPoint","urlTemplate":"https:\/\/regiojardin.com\/?s={search_term_string}"},"query-input":"required name=search_term_string"}],"inLanguage":"en-US"}]}},"_links":{"self":[{"href":"https:\/\/regiojardin.com\/index.php?rest_route=\/wp\/v2\/pages\/17"}],"collection":[{"href":"https:\/\/regiojardin.com\/index.php?rest_route=\/wp\/v2\/pages"}],"about":[{"href":"https:\/\/regiojardin.com\/index.php?rest_route=\/wp\/v2\/types\/page"}],"author":[{"embeddable":true,"href":"https:\/\/regiojardin.com\/index.php?rest_route=\/wp\/v2\/users\/1"}],"replies":[{"embeddable":true,"href":"https:\/\/regiojardin.com\/index.php?rest_route=%2Fwp%2Fv2%2Fcomments&post=17"}],"version-history":[{"count":7,"href":"https:\/\/regiojardin.com\/index.php?rest_route=\/wp\/v2\/pages\/17\/revisions"}],"predecessor-version":[{"id":187,"href":"https:\/\/regiojardin.com\/index.php?rest_route=\/wp\/v2\/pages\/17\/revisions\/187"}],"wp:attachment":[{"href":"https:\/\/regiojardin.com\/index.php?rest_route=%2Fwp%2Fv2%2Fmedia&parent=17"}],"curies":[{"name":"wp","href":"https:\/\/api.w.org\/{rel}","templated":true}]}}